-1
What is 20 - (20 + -15) - 32?
-17
(-3 - -4) + 4 + (2 - 2) - 2
3
-13 - 0 - (-51 - -31) - (22 + 0)
-15
Evaluate 109 + -119 - ((-15 - 2) + 4).
3
Evaluate -10 - 17 - (58 - 101).
16
What is (5 - 1 - (32 + -16)) + 0?
-12
(19 - 4) + (-14 - -7)
8
Evaluate (-1 - -12) + (-121 - -117).
7
Evaluate -13 + (26 + -23 - -4).
-6
What is -42 + 18 + 6 + -2 + 3?
-17
Calculate 11 + -1 + 2 + 0 + 281 + -283.
10
Evaluate 17 + -16 - (3 - -1).
-3
Evaluate 21 - (-4 + -17 - -25).
17
9 - (-5 + 11 + 5) - -13
11
Calculate 203 + -203 + 8 + 1 + -3.
6
-10 - 0 - (-9 + -2 - -14)
-13
What is the value of (-16 - -21 - 9) + -13 + -12?
-29
Evaluate (36 - (82 + -46)) + -6.
-6
What is the value of -2 + (-1 - -27 - (-70 + 77))?
17
8 + (-3 - 10) + -1 + 2
-4
3 - (-6 + 15 + 1)
-7
17 + -29 - (-1 + -18) - 21
-14
What is the value of 23 + -33 + (-3 - 0) + 3?
-10
Evaluate -9 + (14 - 23 - -22).
4
-326 + 294 + (32 - 1)
-1
What is -64 + 76 - (0 - -2 - 11)?
21
What is 2 + -4 + -2 + 29 + (-22 - -14)?
17
Calculate -4 + -2 - (-4 - -5 - 0).
-7
Evaluate 2 + 0 + (7 - (15 + -16)).
10
Evaluate -6 + (-9 - (-4 - 5)).
-6
What is -13 - 1 - (-7 - (0 - (6 - 3)))?
-10
-1582 + 1573 - (8 - (2 - (2 - 1)))
-16
Calculate (-40 - -21) + (3 - -2 - -4).
-10
Calculate 6 - 22 - (2 + 3 - 16).
-5
What is -2 + 6 + 0 - ((19 - 11) + -5)?
1
Calculate (14 - -21) + (-30 - 6).
-1
What is -4 - (6 - (44 - 44 - (-14 + -1)))?
5
What is the value of -20 + 43 - (17 - 5)?
11
(8 - (-5 - -7)) + 0 + -1
5
Calculate 12 + -3 - ((-23 - -11) + 29).
-8
Evaluate -29 - -58 - 48 - 9.
-28
What is 1 + -22 + (-37 - -51)?
-7
What is the value of 2 - 9 - (-7 - (6 + -13))?
-7
(54 - (40 - -12)) + 1 + 10
13
20 - (-10 - (-13 - 5)) - 5
7
Evaluate (-169 - -174) + 1 + (1 - (-1 - 0)).
8
What is 23 - (-3 + (-9 - -19) - -6)?
10
What is the value of 11 + 6 + -30 + 23?
10
0 + -1 - (5 - (12 - 13))
-7
Evaluate (2 - -13) + -6 + -14.
-5
What is the value of 48 - 41 - (3 + (16 - 0))?
-12
Evaluate -4 + 18 + -25 + 49.
38
15 - 11 - (9 - 13) - (0 - -4)
4
What is the value of (21 - (2 - -6)) + 0?
13
What is the value of (-866 - -849) + 23 + -2?
4
Evaluate -8 + 45 + -17 - 39.
-19
Calculate -18 + (1 - -20 - (71 + -56)).
-12
Calculate -8 - (9 - 14 - -5).
-8
What is (12 + (2 + -2 - 7) - 4) + -16?
-15
What is the value of 21 - 28 - (-1 - 7)?
1
What is the value of 12 + (4 - -16) - -2?
34
-2 + 1 - -17 - 9
7
Evaluate (170 - 173) + 2 + (-1 - (-3 - 1)).
2
Evaluate 7 - (-2 - -2) - ((-11 - 17) + 30).
5
What is (-6 - -1) + 4 - (1 - (-13 - -7))?
-8
Calculate -3 - (5 + -5 - (6 - 12)).
-9
Evaluate -8 + (-6 - -6 - -6) + -1 + -5.
-8
-35 + 40 - (-3 - 1 - -1)
8
What is 10 + (29 - 36) + -10?
-7
Calculate 11 + 0 - (5 + 59 + -50).
-3
What is the value of -229 + 249 - (11 - -1)?
8
What is 182 + -156 - (-1 + 29)?
-2
What is -36 + 0 - (-725 + 711)?
-22
Evaluate -1 + (8 - 9) + -12 + 20.
6
What is (-108 - -1 - -112) + -8 + -1 + 1?
-3
Calculate 6 + (5 + -5 + -3 - 4) + 2.
1
Calculate 23 - (-12 + 28 + 38) - (-11 + 0).
-20
(76 - 84) + 9 - (25 - 0)
-24
What is 11 + -41 - -20 - (-20 - -1)?
9
What is the value of -9 - (14 + -31 + 1 - -7)?
0
What is 1 + -4 - (9 + 25 - 25)?
-12
(-4 - -7) + 2 + (-45 - -29)
-11
Calculate (7 - 0) + -58 + 67.
16
Calculate -2 + 4 + -9 + -1 - 1.
-9
What is (-6 - (6 + -6)) + 3?
-3
Calculate 16 + -67 + 21 - -53.
23
What is 37 + -34 + -19 - -36?
20
Evaluate -4 + (-31 - (-14 - -1) - -11).
-11
Evaluate -17 + (1 - 1) + 31 + (-51 - -19).
-18
What is 7 - (2 - 10) - 4?
11
What is the value of 58 - 0 - (-27 + 67)?
18
17 + 7 + -12 + -5 + -6 - 16
-15
What is the value of (131 - 144) + (-4 - (0 + -7))?
-10
33 - 36 - (-5 - 2) - (-26 - 4)
34
(6 - 1) + 206 + -214
-3
Calculate (21 - 8) + -13 - 5.
-5
What is the value of (-3936 - -3896) + (5 - -1) + 1?
-33
What is 7 - (-2 + 18 + (0 - -5))?
-14
What is the value of -31 + -30 + 38 + -6?
-29
Evaluate 38 + (-22 + -17 - -18).
17
Calculate (8 - (-3 - -2 - (10 - 16))) + -3.
0
Calculate (-9 - -5 - -8) + 9.
13
Calculate 18 + (-39 - -16) + 2.
-3
Evaluate -3 + (-14 - -10 - (0 + -12)).
5
What is the value of (-2 - 6 - (-99 + 87)) + 9 + -2?
11
What is the value of (22 - (11 - 6)) + 4 + -17?
4
-25 - (-26 + (28 - 16))
-11
Evaluate (256 - 240) + -27 + 4.
-7
(-15 - 26) + 19 - -38
16
What is (-7 + 8 + -5 - (-9 - -1)) + -8?
-4
What is (-2 + -12 - 0) + (36 + -48 - -15)?
-11
Calculate -6 - (-1 - -3) - (-2 - (0 + -2)).
-8
(-6 + -2 - (-27 - -24)) + 6 + 2
3
What is 43 + 2 + 25 + -39?
31
What is (5 - (19 + -32 + 22)) + -15?
-19
Evaluate (-735 - -707) + 0 + 15 + 0.
-13
Calculate (-8 - -2) + (8 - -2) - 11.
-7
Evaluate -1 + (7 - 0 - (-48 + 50)) + -20.
-16
What is the value of 13 + (-7 - 3 - -7)?
10
8 + (22 + -28 - (-1 + -4 + -1))
8
Calculate 0 + (0 + -1 - ((-7 - -2) + 9)).
-5
Calculate (-5 - -1) + -21 + 41 + -12.
4
Calculate (21 + 23 - 18) + -25.
1
-10 + -9 + 33 + 4
18
What is the value of (-1 - -26) + -3 + (-5 - (15 + -20))?
22
What is (4 - 5) + (0 - -4) + (-4 - -5)?
4
Evaluate -9 + (0 - -2 - (-6 - 1)).
0
What is the value of -44 - ((-39 - -31) + (-6 - -6))?
-36
Evaluate (33 - 19 - 19) + (-22 - -8).
-19
Evaluate 5 + 6 + 10 + -15.
6
Calculate (-3 - 17) + 15 + 13.
8
What is 361 - 333 - (10 + 0)?
18
Calculate (70 - (-26 + 66)) + 8.
38
What is the value of 10 - 0 - (2 - -20)?
-12
Evaluate 16 + 2 + (-6 + 0 - (125 - 131)).
18
Calculate 0 - (-15 - (-6 - -3)).
12
Calculate 1 + -15 - (10 + (-70 - -49)).
-3
What is 16 + (-6 - -10 - 3 - (-1 + 2))?
16
-34 + (-13 - (30 - 100))
23
What is the value of -2 + (-2 - -5 - 8) - (-2 - 19)?
14
Evaluate -1 + (10 + (-2 - 6) - -12).
13
What is the value of 14 + 31 + -11 + -13?
21
Calculate -24 - -19 - (13 - 11) - (-3 + 25).
-29
Calculate 4 + -28 - (-322 - -283).
15
Calculate 6 + -43 + (-17 - -1) + 27.
-26
(-23 - -13 - (-7 + 0)) + (-1 - 3)
-7
Calculate 21 + (-8 - -20) + -15.
18
Evaluate -10 + -3 - (-3 + -5 + (3 - -6)).
-14
-3 + 1 - (29 + -41 - -1)
9
-24 - (-2 + 7 + -8) - -8
-13
Calculate 7 + (5 + -1 - 5) + 0 + 0.
6
Evaluate (14 - (2 + -4)) + (28 - (-7 - -37)).
14
What is the value of -4 - (-6 + 14) - -5 - (-15 - -23)?
-15
What is (-2 - -7) + 5 + -20 + 14?
4
What is -2 - 1 - (14 - 10) - (-5 - -2)?
-4
Calculate 0 - ((-1 - 0) + 6 + (-10 - -7)).
-2
What is -10 + -15 + (15 - -2)?
-8
-5 + (5 - 1) + 6 - (-2 + 2)
5
Calculate 24 + -45 - (-1 - 11).
-9
What is the value of -6 + (-3 + 12 + -5 - (-8 - -2))?
4
-9 + 32 - 1 - 20
2
Evaluate (-2 - 5) + (324 - 295).
22
Evaluate 9 + 0 + (5 - (-6 + 14)) + 0.
6
-2 + -2 + 16 + -12 + -30
-30
What is the value of (-29 - (-39 - -14 - -12)) + -7 + -1?
-24
-24 - -39 - (9 - 9)
15
Calculate 6 + (0 - -25) - (5 - -7).
19
Evaluate 14 + -5 + (8 - (-1 - 0) - -1).
19
-3 + (9 - -4 - 2) + (-2 - 1)
5
4 + (-8 - (0 - -1) - 5)
-10
-11 - (9 + 16 + -17 + 9)
-28
What is the value of (14 - 31) + (9 - -1 - 0 - 7)?
-14
Calculate 2 - (-15 - -35) - (-4 - (1 + 0)).
-13
What is the value of (-18 - -12) + 16 + -14 + 1?
-3
Calculate -12 + -4 - -33 - 10.
7
Calculate 15 - -1 - (16 + (11 + -52 - -29)).
12
What is (9 - ((5 + -9 - 2) + 6)) + -9?
0
What is 1 + 3 + -4 + (10 - (2 + 3))?
5
What is the value of (-3 - 1 - 1) + 5 - (-2 + -9)?
11
What is 31 + (-33 - 48 - -45)?
-5
What is the value of -1 + -15 - (830 - 862)?
16
What is -365 - -373 - (3 + -3 + 1)?
7
18 + ((-13 - 3) + 22 - 13)
11
Evaluate 1 + -4 + 4 + (16 - 7) + -30.
-20
What is the value of -5 + 8 + -1 + -2 + (-8 - -14)?
6
Evaluate (50 - 25) + (6 + -6 - -3).
28
What is -16 + (-12 - -29) - 7?
-6
What is the value of -5 + (-13 - (-10 - -8) - -4 - -24)?
12
What is the value of -3 - ((-8 - 6) + 4)?
7
What is 6 + (-5 - (-16 - -18))?
-1
What is the value of 140 - 138 - (14 - (0 + 2))?
-10
-16 - (-11 + (-13 - (-18 - 11)))
-21
What is 2 - (0 + 2 - (12 - 5 - -1))?
8
Evaluate (0 - (7 + (-1 - -1) + -21)) + -2.
12
Calculate -9 - (-7 - 4) - (9 - (-15 + -4)).
-26
What is -1 + -2 + (85 - 86) + -1 + 2?
-3
Evaluate -15 - 3 - (-15 - -10).
-13
What is the value of 1 + -24 + 2 + -47 + 34?
-34
What is the value of 11 - 0 - ((15 - (-1 - -6)) + -8)?
9
What is 0 + -35 + -84 + 96 - -15?
-8
-8 + 1 + 23 + -32
-16
What is 6 + 20 + -12 + 4?
18
Evaluate -14 - (1 - 2) - (162 + -194).
19
Calculate 4 - (-2 - 5) - (6 - (0 - -3)).
8
2 + 0 + (-6 - -7) + -3 + 6
6
33 + -30 + 18 + (-1 - (0 - -3))
17
What is the value of (-1 - -2 - 1 - 10) + 261 + -263?
-12
Calculate 26 + (-8 - 6 - -15) + 6.
33
Calculate -6 + (7 + 10 - (4 + 0)) - -6.
13